et t(h) = h**3 - 19*h**2 + 37*h - 46. Let v be t(17). Suppose v*i - 14*i + 165177 = 0. Is i a composite number?
False
Suppose -56*t = -53*t - 4*f - 297359, -495602 = -5*t + 3*f. Is t prime?
False
Suppose -o - 3*o = 2*c - 91006, -5*c + 227581 = -o. Is c a prime number?
False
Suppose 4*p = -d + 966301, -3*d = 6*p - 3*p - 724710. Is p a prime number?
False
Suppose -10 = -22*y + 17*y. Suppose -4*f + 17 = -f + r, -15 = -f + y*r. Let s(k) = 7*k**3 - 14*k**2 - 11*k - 1. Is s(f) a composite number?
False
Let g(r) = -r**3 + 17*r**2 - 3*r + 13. Let x be g(17). Is x/((-65)/122 - (-1)/2) a prime number?
False
Let r = -72754 - -147555. Is r a prime number?
False
Let h be (3/(-3))/((-2)/6). Suppose -10 - 11 = -h*t. Suppose -t*n - 1193 + 3412 = 0. Is n a composite number?
False
Let g = 1 - -1. Suppose -g*o - 59 = -73. Suppose 0 = -3*b + o*b - 6340. Is b prime?
False
Let o = 85 - 82. Suppose -o*p = 5*t - 1946 - 555, t = -4*p + 3312. Let g = -408 + p. Is g composite?
False
Let c(y) = -5*y + 13. Let x be c(16). Let m = -67 - x. Suppose m = -h + 850 + 589. Is h composite?
False
Suppose -65*h = -3*c - 64*h + 7643763, -c - 3*h + 2547941 = 0. Is c a prime number?
False
Let p = -333 + 337. Let l(r) = 6937*r + 19. Is l(p) prime?
True
Suppose 17*c - 19*c + r = -2012665, 5*c - 5031635 = -3*r. Suppose -10*k - c = -36*k. Is k composite?
True
Let m(v) = v**3 + 114*v**2 + 179*v + 581. Is m(-75) a prime number?
False
Let b = 1118068 - 755411. Is b prime?
True
Let m = -2 + 6. Is m + 65508/18 + (-2)/6 a prime number?
True
Let p(w) = -3*w**3 + 14*w**2 - 12*w + 2. Let f be p(4). Is (-53158)/f - 0/(-1) a composite number?
False
Suppose 13*h = 12*h - 14920. Let q be ((-4)/(-1))/(18/63). Is 2/q + h/(-28) a composite number?
True
Let s be 1*(-8)/(-84) - (-2577)/63. Suppose -63*b + 10538 = -s*b. Is b prime?
True
Suppose -3*c + 40407 = t, -12*c + 3*t = -11*c - 13459. Suppose -34167 = -5*v + c. Is v a composite number?
True
Suppose 225*n - 350*n = -99422125. Is n a composite number?
True
Suppose m - 12388 - 2680 = -4*w, 5*w - 18835 = 2*m. Suppose -3*p = 3*a - 2325, -p - 120 = -5*a + w. Suppose -68*t + 71*t - a = 0. Is t prime?
False
Suppose -v + 3*r = -76558 + 1488, -5*v = 4*r - 375407. Is v composite?
False
Let g(k) be the second derivative of 145*k**3/6 + 21*k**2 + 10*k - 3. Is g(5) composite?
True
Let t(y) = 2280*y**3 + 3*y**2 + 16*y - 45. Is t(4) composite?
False
Suppose 9*q + 773 = -15526. Is (q/4)/(-4*1/16) a prime number?
True
Let r(b) = -17*b**2 - 19*b - 3. Let h(q) = -8*q**2 - 9*q - 1. Let l(i) = 7*h(i) - 4*r(i). Let x(y) be the first derivative of l(y). Is x(10) a composite number?
True
Suppose 2284902 = -37*g - 4*g + 8504315. Is g a prime number?
True
Let k(y) = y**2 + 24*y + 52. Let s(w) = w**3 + 5*w**2 + 3*w - 7. Let f be s(-5). Let d be k(f). Is 15/(-60) + 13434/d composite?
True
Suppose -13*n = -18*n + 30. Let i(w) be the third derivative of w**6/120 - w**5/12 + w**4/3 - 7*w**3/6 - 2*w**2 - 49*w. Is i(n) prime?
False
Let u be (1 + -6 + 9)*-2. Is (-3)/(33/(-11101)) + u/44 prime?
True
Let p = 940325 + -596752. Is p prime?
False
Suppose -330*q + 343*q - 561899 = 0. Is q prime?
True
Let k(w) = -127*w - 15. Let d be k(-6). Let i = 1064 - d. Is i a composite number?
False
Let b(q) = q + 1. Let t be b(4). Suppose 110*z + 62 = 63 + 329. Suppose z*c - 5*i = 91, -c + t = -5*i - 12. Is c prime?
True
Is (-90234 - -29)*(-6)/30 a composite number?
False
Suppose 15*k - 14*k = 342. Let n = k + 343. Is n*-3*1/(-3) a prime number?
False
Let y be 14/4*(-408)/(-238). Is 7539/(-2)*y/(-9) a composite number?
True
Let w(i) = -29*i**3 - 25*i + 5. Let h(t) = -28*t**3 - t**2 - 23*t + 5. Let z(n) = -4*h(n) + 3*w(n). Is z(7) a composite number?
True
Let b = 325 + -331. Let s(g) = 126*g**2 - 3*g + 49. Is s(b) a prime number?
True
Is -102526*2/(-12)*(43 + -40) prime?
True
Suppose -5*s = -3*c + 28 - 108, -2*c - 32 = 2*s. Is (16/c)/((-2)/(-5)) - -9925 a composite number?
False
Let f(u) = 3619*u**3 - 3*u**2 - 5*u - 4. Let i be f(-1). Let j = 6034 + i. Is j a prime number?
False
Let c = 110551 - 49460. Is c a composite number?
False
Let h(r) = 57*r**2 + 316*r + 24. Is h(-55) composite?
False
Let i be (-45)/54 - (-70)/12. Suppose 64*z - 67*z = 3*f - 5184, -8632 = -i*f + 3*z. Is f prime?
False
Let u(o) = 38*o**2 + 58*o + 613. Is u(-22) prime?
True
Let q be 97/19 - 8/228*3. Is 10940 - 0 - q*(-30)/(-50) prime?
True
Let b = 5587 - 1018. Suppose -35*q = -32*q - b. Is q a prime number?
True
Let s(c) = -c + 1. Let q be s(-1). Suppose -3*b = y + y - 26837, -26836 = -2*y - q*b. Is y composite?
False
Let w(k) = 28483*k + 3212. Is w(5) composite?
True
Suppose 0 = 7*g - 11 - 3. Suppose -10*c = -g*c - 8. Is (-2 - -288) + -1*(-1)/c prime?
False
Let s = -408 + 620. Suppose s*m - 211*m = 33377. Is m composite?
False
Let v(b) = 772*b - 2425. Is v(60) prime?
False
Let v(a) = -3*a**3 - 14*a**2 + 37*a + 121. Is v(-34) a composite number?
False
Let u(a) = 4*a**3 - 3*a**2 - a + 8. Let h be u(3). Is (1412/2)/(h/215) prime?
False
Let r(d) = -d - 16. Let b be r(0). Let z = b - -7. Let s(q) = -9*q - 26. Is s(z) composite?
True
Suppose -8*l - 6 = 10. Is 5598/4 - (-1)/(l*1) prime?
True
Let u = 1670 + 18. Let i = 1067 - u. Let b = -328 - i. Is b prime?
True
Let h(a) = 5781*a + 9 - 1755*a + 3416*a. Is h(1) a composite number?
False
Let z(u) = -1259*u - 1344. Is z(-25) a composite number?
True
Let o = -57 - -118. Let c = -1694 + o. Let x = 2322 + c. Is x composite?
True
Let l(p) be the second derivative of -p**5/10 - p**4/4 + p**3/6 + 6599*p**2/2 + p - 8. Is l(0) composite?
False
Let u(j) = 74737*j**3 - 3*j**2 + 19*j - 18. Is u(1) a prime number?
False
Suppose 580*x - 574*x = -4*m + 9708504, 3*m = -3*x + 4854255. Is x prime?
False
Let c be (-1)/((-6)/60*(-4)/(-2)). Let j(b) = -3*b**2 + 5*b**2 + 10 - c*b - 2*b**3 - 10*b**2. Is j(-7) a composite number?
True
Suppose 124 = 30*u + 4. Suppose 9*p = -u*p + 73697. Is p a prime number?
True
Let l(w) = 137*w - 36. Suppose -29 = -10*h + 1. Let u be l(h). Let z = 1096 + u. Is z prime?
True
Let j(h) = -h**3 + 37*h**2 - 103*h + 36. Let i be j(34). Suppose 1 + 8 = 3*c. Suppose -c*a + 4*n + 0*n = -239, a = -i*n + 93. Is a prime?
False
Suppose 2*o + 4*s - 872 = 0, -4*o + 4*s + 245 = -1511. Let b be o/(-9)*1*3*-4. Is b/2 + 0 + -1 a prime number?
False
Let s be (10/4)/((-9)/18)*-1. Suppose -2*t + 9072 = s*q, -2*t - q + 8893 = -163. Suppose -o + 4*o = -3*d + 2712, 3*o = -5*d + t. Is d composite?
False
Let y(g) = -g + 5. Let c be y(0). Suppose a - 516 = 3*a - 2*k, c*a + 1284 = -k. Let d = 406 + a. Is d a composite number?
False
Let u = 243630 + 97003. Is u composite?
False
Let r(i) = 3644*i - 1227. Is r(7) a prime number?
True
Let q(m) = -41816*m**3 - 5*m**2 - 14*m - 10. Is q(-1) composite?
True
Suppose -4*q + 4 = -2*q. Suppose 0 = -k - 2*n + 361, -2*n = -q*k - 8 + 712. Is k prime?
False
Suppose 0 = 36*b - 41*b - 4*p + 574709, -b - p = -114942. Is b a composite number?
False
Suppose 4*n - 7*n = -2*w + 147, 0 = 5*w - 3*n - 381. Let h = w - 93. Is -491*(h/(-5) - 6) prime?
False
Let r = -20 + 25. Suppose 7*s + 6 = 9*s. Suppose 576 = 3*g - 3*t, -r*t = s*g - 0*g - 568. Is g a composite number?
False
Let i(q) = 884*q**2 + 1. Let l be i(-1). Suppose -10*v + 1325 + l = 0. Is v composite?
True
Let u be -6 + (-518)/(-49) + 4/(-7). Suppose -i - 4*c - 567 = 0, -5*i = -3*i + u*c + 1154. Let y = 1066 + i. Is y composite?
False
Suppose -5*p + 8394 = -3*k - 8906, 2*p = -5*k + 6920. Is ((-2)/(-8))/(3/p)*3 prime?
False
Let n(v) = 5*v**2 + 5*v + 6. Let o be n(5). Suppose 8*i + 1756 = o. Let z = 433 + i. Is z prime?
True
Let z be 21/5 - (-4)/(-20). Suppose -5*h = g + 4*g - 99800, z*g = 4*h - 79832. Is h a composite number?
True
Let x be 33*(-1 - 2922/(-9)). Suppose -10*q = 34898 + 29902. Let l = q + x. Is l a composite number?
False
Suppose -28*n - 22146 = -34*n. Is n a composite number?
False
Let x(n) = -39 + 4*n + 2*n**2 - 7*n**3 + 2*n + 8 + 4*n**3 + 2*n. Is x(-6) a prime number?
True
Suppose -5839 = -3*u + 4*g, 4029 = 4*u - g - 3778. Let a = 57 + -51. Suppose u = a*h - 9489. Is h a composite number?
False
Let x be ((-9)/6)/((-2)/4). Let g = 66 - x. Suppose 0 = 5*q - g - 602. Is q a composite number?
True
Let q(y) = -9*y + 88. Let f be q(9). Let t(x) = -x - 6. Let p be t(-6). Suppose p = -11*z + f*z + 4444. Is z a pr